hat are the prime factors of 631057?
7, 17, 5303
List the prime factors of 2641946.
2, 1320973
List the prime factors of 13519499.
7, 1931357
List the prime factors of 3171768.
2, 3, 132157
What are the prime factors of 168140?
2, 5, 7, 1201
What are the prime factors of 85559?
67, 1277
List the prime factors of 53957.
79, 683
What are the prime factors of 914975?
5, 36599
List the prime factors of 8704960.
2, 5, 11, 2473
List the prime factors of 3381807.
3, 11, 13, 7883
List the prime factors of 295563.
3, 83, 1187
What are the prime factors of 621025?
5, 24841
What are the prime factors of 259900?
2, 5, 23, 113
What are the prime factors of 57168?
2, 3, 397
What are the prime factors of 94553?
23, 4111
List the prime factors of 1716488.
2, 214561
List the prime factors of 12564927.
3, 1396103
List the prime factors of 6331382.
2, 587, 5393
List the prime factors of 4224654.
2, 3, 7, 33529
List the prime factors of 1005290.
2, 5, 11, 13, 19, 37
What are the prime factors of 611208?
2, 3, 13, 653
List the prime factors of 5109611.
13, 23, 743
What are the prime factors of 100084?
2, 131, 191
List the prime factors of 1874829.
3, 11, 56813
What are the prime factors of 234846?
2, 3, 4349
List the prime factors of 431456.
2, 97, 139
What are the prime factors of 2251869?
3, 137, 5479
What are the prime factors of 781677?
3, 13, 17, 131
List the prime factors of 644403.
3, 79, 2719
List the prime factors of 792689.
792689
What are the prime factors of 1110284?
2, 7, 19, 2087
What are the prime factors of 310594?
2, 97, 1601
List the prime factors of 1369675.
5, 54787
List the prime factors of 1924889.
1924889
What are the prime factors of 4065582?
2, 3, 19, 1877
What are the prime factors of 3894698?
2, 599, 3251
What are the prime factors of 528585?
3, 5, 131, 269
List the prime factors of 206448.
2, 3, 11, 17, 23
List the prime factors of 1122642.
2, 3, 47, 1327
List the prime factors of 400133.
113, 3541
List the prime factors of 44566.
2, 22283
List the prime factors of 3614301.
3, 44621
What are the prime factors of 8325168?
2, 3, 251, 691
List the prime factors of 7332211.
571, 12841
List the prime factors of 140703.
3, 46901
List the prime factors of 5644.
2, 17, 83
List the prime factors of 484050.
2, 3, 5, 7, 461
List the prime factors of 140546.
2, 7, 10039
What are the prime factors of 2961064?
2, 370133
List the prime factors of 1805955.
3, 5, 120397
What are the prime factors of 6480020?
2, 5, 23, 14087
List the prime factors of 70046.
2, 35023
List the prime factors of 3285806.
2, 1642903
What are the prime factors of 1233937?
97, 12721
What are the prime factors of 12348?
2, 3, 7
What are the prime factors of 1140?
2, 3, 5, 19
List the prime factors of 4542770.
2, 5, 454277
List the prime factors of 3054572.
2, 37, 20639
What are the prime factors of 138948?
2, 3, 11579
What are the prime factors of 7056821?
7056821
What are the prime factors of 206829?
3, 7, 67
List the prime factors of 513186.
2, 3, 85531
List the prime factors of 61039.
11, 31, 179
What are the prime factors of 167728?
2, 11, 953
What are the prime factors of 1976298?
2, 3, 23, 14321
What are the prime factors of 339621?
3, 79, 1433
What are the prime factors of 2513775?
3, 5, 11, 277
List the prime factors of 57034.
2, 28517
List the prime factors of 289976.
2, 67, 541
What are the prime factors of 474116?
2, 118529
What are the prime factors of 555988?
2, 29, 4793
What are the prime factors of 15458499?
3, 7, 89, 919
What are the prime factors of 24068171?
24068171
What are the prime factors of 72422?
2, 7, 739
What are the prime factors of 83094?
2, 3, 11, 1259
What are the prime factors of 707776?
2, 11059
List the prime factors of 10364.
2, 2591
What are the prime factors of 1721044?
2, 13, 23, 1439
What are the prime factors of 434841?
3, 11, 13177
List the prime factors of 220678.
2, 110339
List the prime factors of 4264530.
2, 3, 5, 142151
List the prime factors of 599792.
2, 19, 1973
List the prime factors of 66618.
2, 3, 3701
List the prime factors of 283053.
3, 94351
List the prime factors of 116180.
2, 5, 37, 157
List the prime factors of 2152051.
11, 31, 6311
List the prime factors of 86199.
3, 59, 487
What are the prime factors of 776951?
7, 17, 6529
List the prime factors of 128979.
3, 17, 281
What are the prime factors of 8387446?
2, 151, 27773
List the prime factors of 314612.
2, 78653
List the prime factors of 232741.
232741
List the prime factors of 30171369.
3, 10057123
What are the prime factors of 161002?
2, 79, 1019
List the prime factors of 256793.
491, 523
List the prime factors of 1042181.
7, 21269
List the prime factors of 21706207.
21706207
List the prime factors of 1293043.
317, 4079
What are the prime factors of 348577?
37, 9421
List the prime factors of 764640.
2, 3, 5, 59
List the prime factors of 918371.
918371
List the prime factors of 1661155.
5, 17, 19543
What are the prime factors of 848615?
5, 89, 1907
What are the prime factors of 9481405?
5, 23, 29, 2843
What are the prime factors of 1990469?
13, 153113
List the prime factors of 1359712.
2, 42491
What are the prime factors of 326080?
2, 5, 1019
What are the prime factors of 957534?
2, 3, 159589
List the prime factors of 175492.
2, 73, 601
What are the prime factors of 169133?
17, 9949
List the prime factors of 2265036.
2, 3, 188753
What are the prime factors of 318359?
17, 61, 307
List the prime factors of 456882.
2, 3, 76147
What are the prime factors of 5283042?
2, 3, 233, 3779
What are the prime factors of 9193405?
5, 13, 67, 2111
List the prime factors of 359747.
359747
What are the prime factors of 10622189?
10622189
What are the prime factors of 356303?
17, 20959
What are the prime factors of 784058?
2, 11, 157, 227
List the prime factors of 429179.
163, 2633
What are the prime factors of 100915?
5, 20183
What are the prime factors of 828858?
2, 3, 138143
List the prime factors of 83835.
3, 5, 23
What are the prime factors of 971014?
2, 11, 19, 23, 101
What are the prime factors of 67940?
2, 5, 43, 79
List the prime factors of 144818.
2, 19, 37, 103
List the prime factors of 5052389.
41, 123229
What are the prime factors of 8938351?
29, 308219
List the prime factors of 962729.
317, 3037
List the prime factors of 33879029.
33879029
List the prime factors of 1394155.
5, 7, 61, 653
What are the prime factors of 1131825?
3, 5, 15091
List the prime factors of 4248873.
3, 43, 10979
List the prime factors of 1255329.
3, 101, 1381
List the prime factors of 508791.
3, 181, 937
What are the prime factors of 302699?
421, 719
List the prime factors of 221280.
2, 3, 5, 461
What are the prime factors of 330892?
2, 82723
What are the prime factors of 305049?
3, 23, 4421
List the prime factors of 15965079.
3, 13, 151, 2711
What are the prime factors of 356742?
2, 3, 19819
List the prime factors of 86447.
137, 631
List the prime factors of 1977206.
2, 7, 11, 37, 347
List the prime factors of 356428.
2, 89107
What are the prime factors of 292022?
2, 146011
List the prime factors of 613512.
2, 3, 8521
What are the prime factors of 454133?
73, 6221
List the prime factors of 1814848.
2, 7, 4051
What are the prime factors of 1912805?
5, 163, 2347
List the prime factors of 29385549.
3, 3265061
List the prime factors of 265636.
2, 7, 53, 179
What are the prime factors of 559069?
7, 79867
What are the prime factors of 29575999?
23, 1285913
List the prime factors of 511506.
2, 3, 157, 181
List the prime factors of 14574555.
3, 5, 323879
List the prime factors of 366622.
2, 17, 41, 263
List the prime factors of 461490.
2, 3, 5, 15383
List the prime factors of 995825.
5, 61, 653
List the prime factors of 3762486.
2, 3, 7, 13, 2297
List the prime factors of 322746.
2, 3, 53791
List the prime factors of 1032122.
2, 7, 13, 53, 107
List the prime factors of 206180.
2, 5, 13, 61
List the prime factors of 44183.
17, 23, 113
What are the prime factors of 3736025?
5, 149441
What are the prime factors of 29969675?
5, 227, 5281
What are the prime factors of 29725?
5, 29, 41
List the prime factors of 658449.
3, 11, 739
List the prime factors of 246035.
5, 49207
What are the prime factors of 95605?
5, 19121
What are the prime factors of 8573247?
3, 952583
List the prime factors of 114353.
173, 661
Li